of 6271599?
3, 239, 8747
What are the prime factors of 5570843?
79, 151, 467
What are the prime factors of 3931093?
3931093
List the prime factors of 6510579.
3, 2170193
What are the prime factors of 5787902?
2, 2893951
List the prime factors of 3674217.
3, 1224739
List the prime factors of 1651529.
11, 13649
List the prime factors of 12311315.
5, 17, 144839
What are the prime factors of 234831?
3, 78277
List the prime factors of 257699.
13, 43, 461
What are the prime factors of 1502710?
2, 5, 11, 19, 719
List the prime factors of 1856659.
7, 5413
List the prime factors of 766634.
2, 11, 34847
List the prime factors of 7558260.
2, 3, 5, 23, 5477
List the prime factors of 14977967.
107, 139981
What are the prime factors of 2886854?
2, 1443427
List the prime factors of 799643.
13, 61511
What are the prime factors of 16086604?
2, 4021651
List the prime factors of 3818174.
2, 1909087
List the prime factors of 97696.
2, 43, 71
What are the prime factors of 384822?
2, 3, 21379
List the prime factors of 18273.
3, 6091
What are the prime factors of 1210453?
397, 3049
What are the prime factors of 667522?
2, 17, 29, 677
List the prime factors of 13138409.
41, 320449
What are the prime factors of 187519?
23, 31, 263
What are the prime factors of 339555?
3, 5, 22637
List the prime factors of 19199.
73, 263
List the prime factors of 2865977.
2865977
List the prime factors of 3702790.
2, 5, 7, 13, 313
What are the prime factors of 13165736?
2, 773, 2129
What are the prime factors of 483721?
7, 19, 3637
What are the prime factors of 2554526?
2, 13, 98251
List the prime factors of 25323.
3, 23, 367
What are the prime factors of 531562?
2, 265781
What are the prime factors of 82347?
3, 27449
What are the prime factors of 1631984?
2, 101999
List the prime factors of 1016920.
2, 5, 25423
What are the prime factors of 348037?
31, 103, 109
What are the prime factors of 179017?
29, 6173
List the prime factors of 18007968.
2, 3, 11, 17053
What are the prime factors of 627634?
2, 7, 127, 353
What are the prime factors of 2643203?
499, 5297
What are the prime factors of 105819?
3, 7, 5039
What are the prime factors of 85777?
31, 2767
What are the prime factors of 2587?
13, 199
What are the prime factors of 5123161?
251, 20411
What are the prime factors of 1674?
2, 3, 31
What are the prime factors of 1962308?
2, 490577
List the prime factors of 8540788.
2, 2135197
List the prime factors of 301515.
3, 5, 20101
What are the prime factors of 603788?
2, 271, 557
List the prime factors of 234343.
234343
List the prime factors of 313093.
11, 28463
What are the prime factors of 15107690?
2, 5, 13, 251, 463
What are the prime factors of 22666570?
2, 5, 37, 61261
List the prime factors of 179757.
3, 19973
What are the prime factors of 959331?
3, 89, 3593
What are the prime factors of 10889484?
2, 3, 907457
What are the prime factors of 44124?
2, 3, 3677
What are the prime factors of 114810?
2, 3, 5, 43, 89
What are the prime factors of 207463?
207463
List the prime factors of 21916236.
2, 3, 67, 27259
What are the prime factors of 26429220?
2, 3, 5, 17, 2879
What are the prime factors of 3432051?
3, 7, 6053
What are the prime factors of 195307?
7, 27901
What are the prime factors of 19263797?
7, 199, 13829
What are the prime factors of 511256?
2, 63907
What are the prime factors of 2581708?
2, 157, 4111
List the prime factors of 5069155.
5, 7, 13, 857
List the prime factors of 16808708.
2, 7, 600311
What are the prime factors of 1083751?
367, 2953
List the prime factors of 6392918.
2, 7, 17, 26861
List the prime factors of 798541.
17, 107, 439
List the prime factors of 126194.
2, 63097
What are the prime factors of 2951079?
3, 311, 3163
What are the prime factors of 720212?
2, 180053
What are the prime factors of 930484?
2, 232621
What are the prime factors of 3635516?
2, 908879
List the prime factors of 650289.
3, 43, 71
What are the prime factors of 2409905?
5, 83, 5807
List the prime factors of 16365196.
2, 4091299
List the prime factors of 2959394.
2, 17, 87041
What are the prime factors of 2173961?
19, 114419
What are the prime factors of 6232527?
3, 7, 98929
What are the prime factors of 673190?
2, 5, 7, 59, 163
What are the prime factors of 24594447?
3, 97, 223, 379
List the prime factors of 316880.
2, 5, 17, 233
List the prime factors of 18922376.
2, 11, 23, 9349
List the prime factors of 599262.
2, 3, 99877
What are the prime factors of 5464372?
2, 1366093
What are the prime factors of 3987043?
59, 67577
List the prime factors of 808190.
2, 5, 80819
What are the prime factors of 5794?
2, 2897
What are the prime factors of 10022593?
7, 1431799
List the prime factors of 14734937.
7, 17, 19
List the prime factors of 23592.
2, 3, 983
List the prime factors of 54087.
3, 11, 149
List the prime factors of 8540033.
8540033
List the prime factors of 1827870.
2, 3, 5, 11, 29, 191
List the prime factors of 8893925.
5, 41, 8677
What are the prime factors of 5024842?
2, 281, 8941
What are the prime factors of 17980100?
2, 5, 179801
List the prime factors of 3879787.
269, 14423
What are the prime factors of 14816104?
2, 1852013
What are the prime factors of 2239538?
2, 7, 347, 461
What are the prime factors of 2191007?
7, 13, 24077
What are the prime factors of 4543639?
31, 103, 1423
List the prime factors of 1292728.
2, 161591
List the prime factors of 30703420.
2, 5, 11, 67, 2083
List the prime factors of 204446.
2, 11, 9293
What are the prime factors of 202423?
13, 23, 677
What are the prime factors of 16390237?
23, 199, 3581
What are the prime factors of 94169?
94169
What are the prime factors of 257641?
31, 8311
List the prime factors of 4018209.
3, 13, 197, 523
What are the prime factors of 3837159?
3, 23, 37, 167
List the prime factors of 88975.
5, 3559
What are the prime factors of 61087?
13, 37, 127
What are the prime factors of 877561?
439, 1999
List the prime factors of 902354.
2, 451177
List the prime factors of 56322.
2, 3, 7, 149
List the prime factors of 7097931.
3, 788659
What are the prime factors of 1314148?
2, 11, 29867
What are the prime factors of 18655797?
3, 6218599
List the prime factors of 284613.
3, 7, 13553
List the prime factors of 1251134.
2, 419, 1493
List the prime factors of 780342.
2, 3, 130057
What are the prime factors of 550021?
227, 2423
What are the prime factors of 476982?
2, 3, 11, 73
List the prime factors of 1161757.
1161757
List the prime factors of 3882806.
2, 1941403
What are the prime factors of 2673831?
3, 891277
List the prime factors of 163421.
17, 9613
List the prime factors of 3324280.
2, 5, 41, 2027
List the prime factors of 1187134.
2, 13, 45659
What are the prime factors of 2240721?
3, 7, 5081
List the prime factors of 290750.
2, 5, 1163
List the prime factors of 25185.
3, 5, 23, 73
List the prime factors of 1764057.
3, 588019
List the prime factors of 581233.
23, 37, 683
List the prime factors of 652958.
2, 326479
List the prime factors of 28474387.
28474387
What are the prime factors of 7826?
2, 7, 13, 43
What are the prime factors of 3067502?
2, 47, 32633
List the prime factors of 973733.
29, 33577
What are the prime factors of 10667413?
1039, 10267
List the prime factors of 8115.
3, 5, 541
List the prime factors of 19802549.
13, 41, 53, 701
What are the prime factors of 14441976?
2, 3, 17, 19, 23
List the prime factors of 293279.
7, 41897
What are the prime factors of 7846272?
2, 3, 7, 139
List the prime factors of 755352.
2, 3, 13, 269
What are the prime factors of 566225?
5, 11, 29, 71
What are the prime factors of 2474041?
23, 263, 409
List the prime factors of 14362326.
2, 3, 11, 24179
List the prime factors of 288903.
3, 23, 53, 79
What are the prime factors of 23014012?
2, 7, 59, 13931
List the prime factors of 538133.
109, 4937
What are the prime factors of 14788?
2, 3697
List the prime factors of 709259.
41, 17299
What are the prime factors of 242607?
3, 17, 67, 71
What are the prime factors of 10537875?
3, 5, 17, 19, 29
What are the prime factors of 568879?
19, 79, 379
What are the prime factors of 11611192?
2, 37, 39227
List the prime factors of 10440189.
3, 347, 3343
List the prime factors of 66315.
3, 5, 4421
List the prime factors of 571500.
2, 3, 5, 127
What are the prime factors of 245?
5, 7
List the prim